
{"id":26129,"date":"2023-04-14T19:25:42","date_gmt":"2023-04-14T19:25:42","guid":{"rendered":"https:\/\/afabaix.org\/?post_type=tribe_events&#038;p=26129"},"modified":"2023-04-25T15:28:13","modified_gmt":"2023-04-25T15:28:13","slug":"assemblea-general-ordinaria-de-lafa-baix-llobregat","status":"publish","type":"tribe_events","link":"https:\/\/afabaix.org\/es\/acte\/assemblea-general-ordinaria-de-lafa-baix-llobregat\/","title":{"rendered":"Assemblea General Ordin\u00e0ria de l&#8217;AFA Baix Llobregat."},"content":{"rendered":"<p>Estimadas socias y socios,<\/p>\n<p>Por acuerdo de la Junta Directiva, se convoca a todos los socios y todas las socias a\u00a0<strong>la Assemblea General Ordinaria de la AFA Baix Llobregat<\/strong>, que tendr\u00e1 lugar el pr\u00f3ximo d\u00eda <strong>dia 15 de junio de 2023, en el Centro Alois de Cornell\u00e0 <\/strong>(Av. L\u00ednia El\u00e8ctrica 13 baixos), a las <strong>18:00 hores<\/strong>. La asamblea ser\u00e1 presencial.<\/p>\n<p>El orden del d\u00eda ser\u00e1 el siguiente:<\/p>\n<ol>\n<li>Bienvenida a cargo de la presidenta Merc\u00e8 Rull Giner<\/li>\n<li>Lectura y aprobaci\u00f3n (en su caso) del acta anterior, a cargo de la secretaria Esther Villegas<\/li>\n<li>Situaci\u00f3n actual del funcionamiento de la AFA Baix Llobregat:<\/li>\n<\/ol>\n<ul>\n<li>Centres Alois (Prat, Cornell\u00e0 i Molins)<\/li>\n<li>Espai Fem Mem\u00f2ria Sant Boi i Aula de Mem\u00f2ria Cornell\u00e0<\/li>\n<li>SAD y Ayudas t\u00e9cnicas<\/li>\n<li>Talleres y nuevas poblaciones (Castellbisbal)<\/li>\n<\/ul>\n<ol start=\"4\">\n<li>Delegaciones AFA:<\/li>\n<\/ol>\n<ul>\n<li>Nueva delegaci\u00f3n en Olesa, reactivaci\u00f3n Cervell\u00f3 y nuevo espacio en Esplugues<\/li>\n<\/ul>\n<ol start=\"5\">\n<li>Mem\u00f2ria de actividades 2022<\/li>\n<li>Balance y aprovaci\u00f3n de cuentas\u00a0 2022 y del presupuesto del 2023<\/li>\n<li>Dia Mundial Alzheimer 2023 i Jordiada<\/li>\n<li>Nuevas incorporaciones<\/li>\n<li>Obras y traslado nueva sede entidad. Inauguraci\u00f3n.<\/li>\n<li>Ruegos y preguntas<\/li>\n<\/ol>\n<p>&nbsp;<\/p>\n","protected":false},"excerpt":{"rendered":"<p>Estimadas socias y socios, Por acuerdo de la Junta Directiva, se convoca a todos los socios y todas las socias a&nbsp;la Assemblea General Ordinaria de la AFA Baix Llobregat, que<\/p>\n<div><a href=\"https:\/\/afabaix.org\/es\/acte\/assemblea-general-ordinaria-de-lafa-baix-llobregat\/\" class=\"exp-read-more exp-read-more-underlined\">Read More<\/a><\/div>\n","protected":false},"author":2,"featured_media":26127,"template":"","meta":{"_tribe_events_status":"","_tribe_events_status_reason":"","footnotes":""},"tags":[],"tribe_events_cat":[],"class_list":["post-26129","tribe_events","type-tribe_events","status-publish","has-post-thumbnail","hentry"],"_links":{"self":[{"href":"https:\/\/afabaix.org\/es\/wp-json\/wp\/v2\/tribe_events\/26129","targetHints":{"allow":["GET"]}}],"collection":[{"href":"https:\/\/afabaix.org\/es\/wp-json\/wp\/v2\/tribe_events"}],"about":[{"href":"https:\/\/afabaix.org\/es\/wp-json\/wp\/v2\/types\/tribe_events"}],"author":[{"embeddable":true,"href":"https:\/\/afabaix.org\/es\/wp-json\/wp\/v2\/users\/2"}],"version-history":[{"count":6,"href":"https:\/\/afabaix.org\/es\/wp-json\/wp\/v2\/tribe_events\/26129\/revisions"}],"predecessor-version":[{"id":26235,"href":"https:\/\/afabaix.org\/es\/wp-json\/wp\/v2\/tribe_events\/26129\/revisions\/26235"}],"wp:featuredmedia":[{"embeddable":true,"href":"https:\/\/afabaix.org\/es\/wp-json\/wp\/v2\/media\/26127"}],"wp:attachment":[{"href":"https:\/\/afabaix.org\/es\/wp-json\/wp\/v2\/media?parent=26129"}],"wp:term":[{"taxonomy":"post_tag","embeddable":true,"href":"https:\/\/afabaix.org\/es\/wp-json\/wp\/v2\/tags?post=26129"},{"taxonomy":"tribe_events_cat","embeddable":true,"href":"https:\/\/afabaix.org\/es\/wp-json\/wp\/v2\/tribe_events_cat?post=26129"}],"curies":[{"name":"wp","href":"https:\/\/api.w.org\/{rel}","templated":true}]}}

Assemblea General Ordinària de l&#8217;AFA Baix Llobregat.

<p>Estimadas socias y socios,</p>
<p>Por acuerdo de la Junta Directiva, se convoca a todos los socios y todas las socias a <strong>la Assemblea General Ordinaria de la AFA Baix Llobregat</strong>, que tendrá lugar el próximo día <strong>dia 15 de junio de 2023, en el Centro Alois de Cornellà </strong>(Av. Línia Elèctrica 13 baixos), a las <strong>18:00 hores</strong>. La asamblea será presencial.</p>
<p>El orden del día será el siguiente:</p>
<ol>
<li>Bienvenida a cargo de la presidenta Mercè Rull Giner</li>
<li>Lectura y aprobación (en su caso) del acta anterior, a cargo de la secretaria Esther Villegas</li>
<li>Situación actual del funcionamiento de la AFA Baix Llobregat:</li>
</ol>
<ul>
<li>Centres Alois (Prat, Cornellà i Molins)</li>
<li>Espai Fem Memòria Sant Boi i Aula de Memòria Cornellà</li>
<li>SAD y Ayudas técnicas</li>
<li>Talleres y nuevas poblaciones (Castellbisbal)</li>
</ul>
<ol start="4">
<li>Delegaciones AFA:</li>
</ol>
<ul>
<li>Nueva delegación en Olesa, reactivación Cervelló y nuevo espacio en Esplugues</li>
</ul>
<ol start="5">
<li>Memòria de actividades 2022</li>
<li>Balance y aprovación de cuentas  2022 y del presupuesto del 2023</li>
<li>Dia Mundial Alzheimer 2023 i Jordiada</li>
<li>Nuevas incorporaciones</li>
<li>Obras y traslado nueva sede entidad. Inauguración.</li>
<li>Ruegos y preguntas</li>
</ol>
<p>&nbsp;</p>
