
{"id":26315,"date":"2023-06-14T18:20:17","date_gmt":"2023-06-14T18:20:17","guid":{"rendered":"https:\/\/afabaix.org\/?post_type=tribe_events&#038;p=26315"},"modified":"2023-06-14T18:20:32","modified_gmt":"2023-06-14T18:20:32","slug":"1a-nit-solidaria-del-gremi-de-restauradors-del-prat-en-benefici-de-lafa-baix-llobregat","status":"publish","type":"tribe_events","link":"https:\/\/afabaix.org\/es\/acte\/1a-nit-solidaria-del-gremi-de-restauradors-del-prat-en-benefici-de-lafa-baix-llobregat\/","title":{"rendered":"1a Nit Solid\u00e0ria del Gremi de Restauradors del Prat, en benefici de l\u2019AFA Baix Llobregat."},"content":{"rendered":"<p>Des de la Secci\u00f3 de Restauraci\u00f3 del Prat Empresarial, Gremi de Restauradors del Prat, tenim el plaer de convidar-vos a la \u201c<strong>1a Nit Solid\u00e0ria del Gremi de Restauradors del Prat, sopar en benefici de l\u2019Associaci\u00f3 de Familiars de persones amb Alzheimer i altres dem\u00e8ncies del Baix Llobregat (AFA Baix Llobregat)<\/strong>\u201d, que tindr\u00e0 lloc el dijous <strong>29 de juny a la Emilio S\u00e1nchez Academy a partir de les 20:30.<\/strong><\/p>\n<p>El p<strong>reu del sopar \u00e9s de 55 euros per persona, 10 dels quals van directament a l\u2019AFA Baix Llobregat<\/strong>.<\/p>\n<p>Durant l\u2019esdeveniment, hi haur\u00e0 una \u201cRifa solid\u00e0ria\u201d on els restauradors del Prat sortejaran entre els assistents, diferents \u00e0pats als seus establiments. El preu de cada tiquet de la rifa ser\u00e0 de 5 euros i es podran comprar en efectiu o amb targeta el mateix dia de l\u2019esdeveniment. Com m\u00e9s n\u00fameros compreu, m\u00e9s ajudeu a l\u2019AFA i m\u00e9s possibilitats tindreu de gaudir d\u2019algun \u00e0pat dels restauradors del Prat! Tots els beneficis de la rifa es destinaran a l\u2019AFA Baix Llobregat.<\/p>\n<p>Per <strong>inscriure\u2019s formalment<\/strong>, cal enviar un correu electr\u00f2nic a secretaria@elpratempresarial.org indicant nom i cognoms de les persones assistents i adjuntant el comprovant de pagament de les persones que vulguin inscriure\u2019s (ES04 0081 0010 0140 2950). Poden reservar-se taules completes a partir de 8 comensals. Caldr\u00e0 rebre un correu electr\u00f2nic de confirmaci\u00f3 per confirmar la reserva.<\/p>\n<p>Us hi esperem!!<\/p>\n","protected":false},"excerpt":{"rendered":"<p>Des de la Secci&oacute; de Restauraci&oacute; del Prat Empresarial, Gremi de Restauradors del Prat, tenim el plaer de convidar-vos a la &ldquo;1a Nit Solid&agrave;ria del Gremi de Restauradors del Prat,<\/p>\n<div><a href=\"https:\/\/afabaix.org\/es\/acte\/1a-nit-solidaria-del-gremi-de-restauradors-del-prat-en-benefici-de-lafa-baix-llobregat\/\" class=\"exp-read-more exp-read-more-underlined\">Read More<\/a><\/div>\n","protected":false},"author":2,"featured_media":26311,"template":"","meta":{"_tribe_events_status":"","_tribe_events_status_reason":"","footnotes":""},"tags":[],"tribe_events_cat":[],"class_list":["post-26315","tribe_events","type-tribe_events","status-publish","has-post-thumbnail","hentry"],"_links":{"self":[{"href":"https:\/\/afabaix.org\/es\/wp-json\/wp\/v2\/tribe_events\/26315","targetHints":{"allow":["GET"]}}],"collection":[{"href":"https:\/\/afabaix.org\/es\/wp-json\/wp\/v2\/tribe_events"}],"about":[{"href":"https:\/\/afabaix.org\/es\/wp-json\/wp\/v2\/types\/tribe_events"}],"author":[{"embeddable":true,"href":"https:\/\/afabaix.org\/es\/wp-json\/wp\/v2\/users\/2"}],"version-history":[{"count":3,"href":"https:\/\/afabaix.org\/es\/wp-json\/wp\/v2\/tribe_events\/26315\/revisions"}],"predecessor-version":[{"id":26318,"href":"https:\/\/afabaix.org\/es\/wp-json\/wp\/v2\/tribe_events\/26315\/revisions\/26318"}],"wp:featuredmedia":[{"embeddable":true,"href":"https:\/\/afabaix.org\/es\/wp-json\/wp\/v2\/media\/26311"}],"wp:attachment":[{"href":"https:\/\/afabaix.org\/es\/wp-json\/wp\/v2\/media?parent=26315"}],"wp:term":[{"taxonomy":"post_tag","embeddable":true,"href":"https:\/\/afabaix.org\/es\/wp-json\/wp\/v2\/tags?post=26315"},{"taxonomy":"tribe_events_cat","embeddable":true,"href":"https:\/\/afabaix.org\/es\/wp-json\/wp\/v2\/tribe_events_cat?post=26315"}],"curies":[{"name":"wp","href":"https:\/\/api.w.org\/{rel}","templated":true}]}}

1a Nit Solidària del Gremi de Restauradors del Prat, en benefici de l’AFA Baix Llobregat.

<p>Des de la Secció de Restauració del Prat Empresarial, Gremi de Restauradors del Prat, tenim el plaer de convidar-vos a la “<strong>1a Nit Solidària del Gremi de Restauradors del Prat, sopar en benefici de l’Associació de Familiars de persones amb Alzheimer i altres demències del Baix Llobregat (AFA Baix Llobregat)</strong>”, que tindrà lloc el dijous <strong>29 de juny a la Emilio Sánchez Academy a partir de les 20:30.</strong></p>
<p>El p<strong>reu del sopar és de 55 euros per persona, 10 dels quals van directament a l’AFA Baix Llobregat</strong>.</p>
<p>Durant l’esdeveniment, hi haurà una “Rifa solidària” on els restauradors del Prat sortejaran entre els assistents, diferents àpats als seus establiments. El preu de cada tiquet de la rifa serà de 5 euros i es podran comprar en efectiu o amb targeta el mateix dia de l’esdeveniment. Com més números compreu, més ajudeu a l’AFA i més possibilitats tindreu de gaudir d’algun àpat dels restauradors del Prat! Tots els beneficis de la rifa es destinaran a l’AFA Baix Llobregat.</p>
<p>Per <strong>inscriure’s formalment</strong>, cal enviar un correu electrònic a secretaria@elpratempresarial.org indicant nom i cognoms de les persones assistents i adjuntant el comprovant de pagament de les persones que vulguin inscriure’s (ES04 0081 0010 0140 2950). Poden reservar-se taules completes a partir de 8 comensals. Caldrà rebre un correu electrònic de confirmació per confirmar la reserva.</p>
<p>Us hi esperem!!</p>
