
{"id":26988,"date":"2023-09-29T15:54:24","date_gmt":"2023-09-29T15:54:24","guid":{"rendered":"https:\/\/afabaix.org\/acte\/cineforum-solidari-als-cinemes-splau-de-cornella\/"},"modified":"2023-09-29T15:59:11","modified_gmt":"2023-09-29T15:59:11","slug":"cineforum-solidari-als-cinemes-splau-de-cornella","status":"publish","type":"tribe_events","link":"https:\/\/afabaix.org\/es\/acte\/cineforum-solidari-als-cinemes-splau-de-cornella\/","title":{"rendered":"Cinef\u00f2rum solidari als Cinemes Splau de Cornell\u00e0."},"content":{"rendered":"<p>Com cada any, els cinemes FULLHD SPLAU ens cedeixen una sala per fer-hi una cinef\u00f2rum amb una pel\u00b7l\u00edcula que versi sobre la problem\u00e0tica de l&#8217;Alzheimer. Enguany la pel\u00b7l\u00edcula triada \u00e9s \u00abLoli Tormenta\u00bb.<\/p>\n<p>\u00abLoli Tormenta\u00bb, d&#8217;Agust\u00ed Villalonga, ens explica la hist\u00f2ria de la Lola, la moderna i ca\u00f2tica \u00e0via d&#8217;Edgar i Robert, de qui se&#8217;n va fer c\u00e0rrec despr\u00e9s de la mort de la seva filla uns anys enrere. Tots tres viuen en una modesta casa de l&#8217;extraradi de Barcelona, i res no els fa sospitar que la seva tranquil\u00b7la vida est\u00e0 a punt de canviar dr\u00e0sticament. Lola ha entrat en un proc\u00e9s avan\u00e7at d&#8217;Alzheimer i els nens, que no estan disposats a separar-se i acabar en una llar d&#8217;acollida, se&#8217;n faran c\u00e0rrec amb gran enginy i desbordant fantasia, ocultant la seva malaltia. Per aix\u00f2 s&#8217;hauran d&#8217;enfrontar, igual que Robert a les seves competicions d&#8217;atletisme, a m\u00e9s de 3.000 obstacles&#8230;<\/p>\n<p>Les entrades les podeu comprar al Centre Alois de Cornell\u00e0 (Avda. L\u00ednea El\u00e8ctrica 13, baixos) per 5\u20ac. O el mateix dia, al cinema, si queden entrades disponibles encara.<\/p>\n<p>&nbsp;<\/p>\n","protected":false},"excerpt":{"rendered":"<p>Com cada any, els cinemes FULLHD SPLAU ens cedeixen una sala per fer-hi una cinef&ograve;rum amb una pel&middot;l&iacute;cula que versi sobre la problem&agrave;tica de l&rsquo;Alzheimer. Enguany la pel&middot;l&iacute;cula triada &eacute;s<\/p>\n<div><a href=\"https:\/\/afabaix.org\/es\/acte\/cineforum-solidari-als-cinemes-splau-de-cornella\/\" class=\"exp-read-more exp-read-more-underlined\">Read More<\/a><\/div>\n","protected":false},"author":2,"featured_media":26984,"template":"","meta":{"_tribe_events_status":"","_tribe_events_status_reason":"","footnotes":""},"tags":[],"tribe_events_cat":[],"class_list":["post-26988","tribe_events","type-tribe_events","status-publish","has-post-thumbnail","hentry"],"_links":{"self":[{"href":"https:\/\/afabaix.org\/es\/wp-json\/wp\/v2\/tribe_events\/26988","targetHints":{"allow":["GET"]}}],"collection":[{"href":"https:\/\/afabaix.org\/es\/wp-json\/wp\/v2\/tribe_events"}],"about":[{"href":"https:\/\/afabaix.org\/es\/wp-json\/wp\/v2\/types\/tribe_events"}],"author":[{"embeddable":true,"href":"https:\/\/afabaix.org\/es\/wp-json\/wp\/v2\/users\/2"}],"version-history":[{"count":1,"href":"https:\/\/afabaix.org\/es\/wp-json\/wp\/v2\/tribe_events\/26988\/revisions"}],"predecessor-version":[{"id":26989,"href":"https:\/\/afabaix.org\/es\/wp-json\/wp\/v2\/tribe_events\/26988\/revisions\/26989"}],"wp:featuredmedia":[{"embeddable":true,"href":"https:\/\/afabaix.org\/es\/wp-json\/wp\/v2\/media\/26984"}],"wp:attachment":[{"href":"https:\/\/afabaix.org\/es\/wp-json\/wp\/v2\/media?parent=26988"}],"wp:term":[{"taxonomy":"post_tag","embeddable":true,"href":"https:\/\/afabaix.org\/es\/wp-json\/wp\/v2\/tags?post=26988"},{"taxonomy":"tribe_events_cat","embeddable":true,"href":"https:\/\/afabaix.org\/es\/wp-json\/wp\/v2\/tribe_events_cat?post=26988"}],"curies":[{"name":"wp","href":"https:\/\/api.w.org\/{rel}","templated":true}]}}

Cinefòrum solidari als Cinemes Splau de Cornellà.

<p>Com cada any, els cinemes FULLHD SPLAU ens cedeixen una sala per fer-hi una cinefòrum amb una pel·lícula que versi sobre la problemàtica de l&#8217;Alzheimer. Enguany la pel·lícula triada és «Loli Tormenta».</p>
<p>«Loli Tormenta», d&#8217;Agustí Villalonga, ens explica la història de la Lola, la moderna i caòtica àvia d&#8217;Edgar i Robert, de qui se&#8217;n va fer càrrec després de la mort de la seva filla uns anys enrere. Tots tres viuen en una modesta casa de l&#8217;extraradi de Barcelona, i res no els fa sospitar que la seva tranquil·la vida està a punt de canviar dràsticament. Lola ha entrat en un procés avançat d&#8217;Alzheimer i els nens, que no estan disposats a separar-se i acabar en una llar d&#8217;acollida, se&#8217;n faran càrrec amb gran enginy i desbordant fantasia, ocultant la seva malaltia. Per això s&#8217;hauran d&#8217;enfrontar, igual que Robert a les seves competicions d&#8217;atletisme, a més de 3.000 obstacles&#8230;</p>
<p>Les entrades les podeu comprar al Centre Alois de Cornellà (Avda. Línea Elèctrica 13, baixos) per 5€. O el mateix dia, al cinema, si queden entrades disponibles encara.</p>
<p>&nbsp;</p>
