
{"id":27117,"date":"2023-10-26T17:32:07","date_gmt":"2023-10-26T17:32:07","guid":{"rendered":"https:\/\/afabaix.org\/acte\/festival-solidari-a-favor-de-lafa-a-sant-joan-despi\/"},"modified":"2023-10-26T17:35:10","modified_gmt":"2023-10-26T17:35:10","slug":"festival-solidari-a-favor-de-lafa-a-sant-joan-despi","status":"publish","type":"tribe_events","link":"https:\/\/afabaix.org\/es\/acte\/festival-solidari-a-favor-de-lafa-a-sant-joan-despi\/","title":{"rendered":"Festival solidari a favor de l&#8217;AFA a Sant Joan Desp\u00ed."},"content":{"rendered":"<p>Organitzat per l&#8217;Associaci\u00f3 de Ve\u00efns i Ve\u00efnes del barri de Les Planes de Sant Joan Desp\u00ed a benefici de l&#8217;AFA Baix Llobregat, en aquest festival hi trobareu ball de totes les modalitats a c\u00e0rrec de Loli Pel\u00e1ez i L&#8217;Agrupaci\u00f3 Balldesp\u00ed , humor amb el mon\u00f2leg d&#8217;Edu Mutante i el plaer de contribuir amb una causa justa.<\/p>\n<p>L&#8217;acte es far\u00e0 al Centre Cultural Mart\u00ed i Pol des de les 11 a les 13:30. Les entrades les podeu comprar al C\/Josep Pi i Sunyer 8 al preu de 5\u20ac.<\/p>\n<p>Els beneficis anirand estinats integrament al manteniment dels programes i serveis del&#8217;AFa Baix Llobregat.<\/p>\n<p>No us el perdeu!<\/p>\n","protected":false},"excerpt":{"rendered":"<p>Organitzat per l&rsquo;Associaci&oacute; de Ve&iuml;ns i Ve&iuml;nes del barri de Les Planes de Sant Joan Desp&iacute; a benefici de l&rsquo;AFA Baix Llobregat, en aquest festival hi trobareu ball de totes<\/p>\n<div><a href=\"https:\/\/afabaix.org\/es\/acte\/festival-solidari-a-favor-de-lafa-a-sant-joan-despi\/\" class=\"exp-read-more exp-read-more-underlined\">Read More<\/a><\/div>\n","protected":false},"author":2,"featured_media":27109,"template":"","meta":{"_tribe_events_status":"","_tribe_events_status_reason":"","footnotes":""},"tags":[],"tribe_events_cat":[],"class_list":["post-27117","tribe_events","type-tribe_events","status-publish","has-post-thumbnail","hentry"],"_links":{"self":[{"href":"https:\/\/afabaix.org\/es\/wp-json\/wp\/v2\/tribe_events\/27117","targetHints":{"allow":["GET"]}}],"collection":[{"href":"https:\/\/afabaix.org\/es\/wp-json\/wp\/v2\/tribe_events"}],"about":[{"href":"https:\/\/afabaix.org\/es\/wp-json\/wp\/v2\/types\/tribe_events"}],"author":[{"embeddable":true,"href":"https:\/\/afabaix.org\/es\/wp-json\/wp\/v2\/users\/2"}],"version-history":[{"count":1,"href":"https:\/\/afabaix.org\/es\/wp-json\/wp\/v2\/tribe_events\/27117\/revisions"}],"predecessor-version":[{"id":27120,"href":"https:\/\/afabaix.org\/es\/wp-json\/wp\/v2\/tribe_events\/27117\/revisions\/27120"}],"wp:featuredmedia":[{"embeddable":true,"href":"https:\/\/afabaix.org\/es\/wp-json\/wp\/v2\/media\/27109"}],"wp:attachment":[{"href":"https:\/\/afabaix.org\/es\/wp-json\/wp\/v2\/media?parent=27117"}],"wp:term":[{"taxonomy":"post_tag","embeddable":true,"href":"https:\/\/afabaix.org\/es\/wp-json\/wp\/v2\/tags?post=27117"},{"taxonomy":"tribe_events_cat","embeddable":true,"href":"https:\/\/afabaix.org\/es\/wp-json\/wp\/v2\/tribe_events_cat?post=27117"}],"curies":[{"name":"wp","href":"https:\/\/api.w.org\/{rel}","templated":true}]}}

Festival solidari a favor de l&#8217;AFA a Sant Joan Despí.

<p>Organitzat per l&#8217;Associació de Veïns i Veïnes del barri de Les Planes de Sant Joan Despí a benefici de l&#8217;AFA Baix Llobregat, en aquest festival hi trobareu ball de totes les modalitats a càrrec de Loli Peláez i L&#8217;Agrupació Balldespí , humor amb el monòleg d&#8217;Edu Mutante i el plaer de contribuir amb una causa justa.</p>
<p>L&#8217;acte es farà al Centre Cultural Martí i Pol des de les 11 a les 13:30. Les entrades les podeu comprar al C/Josep Pi i Sunyer 8 al preu de 5€.</p>
<p>Els beneficis anirand estinats integrament al manteniment dels programes i serveis del&#8217;AFa Baix Llobregat.</p>
<p>No us el perdeu!</p>
