
{"id":30166,"date":"2026-09-01T08:03:35","date_gmt":"2026-09-01T08:03:35","guid":{"rendered":"https:\/\/afabaix.org\/?post_type=tribe_events&#038;p=30166"},"modified":"2026-09-01T08:07:30","modified_gmt":"2026-09-01T08:07:30","slug":"dia-mundial-del-alzheimer-2026-encarahisom-todaviaestamos","status":"publish","type":"tribe_events","link":"https:\/\/afabaix.org\/es\/acte\/dia-mundial-del-alzheimer-2026-encarahisom-todaviaestamos\/","title":{"rendered":"D\u00eda Mundial del Alzheimer 2026: #EncaraHiSom \u2013 #Todav\u00edaEstamos"},"content":{"rendered":"<p class=\"isSelectedEnd\">Ya estamos a las puertas del <strong>21 de septiembre, D\u00eda Mundial del Alzheimer<\/strong>, una jornada dedicada a dar visibilidad a la enfermedad, sensibilizar a la sociedad y poner en valor las necesidades de las personas afectadas, sus familias y las personas cuidadoras.<\/p>\n<p class=\"isSelectedEnd\">Este a\u00f1o, desde <strong>AFA Baix Llobregat<\/strong>, hacemos nuestro el lema <strong>#EncaraHiSom \u2013 #Todav\u00edaEstamos<\/strong>. Porque detr\u00e1s de un diagn\u00f3stico sigue habiendo una persona: una mirada, una emoci\u00f3n, una historia, una manera de ser y de sentir. La enfermedad puede ir cambiando muchas cosas, pero no borra a quien tenemos delante.<\/p>\n<p class=\"isSelectedEnd\">Como cada a\u00f1o, hemos preparado una amplia programaci\u00f3n de actividades en distintos municipios del Baix Llobregat para acercar la realidad del Alzheimer a la ciudadan\u00eda y generar espacios de informaci\u00f3n, participaci\u00f3n y sensibilizaci\u00f3n.<\/p>\n<p class=\"isSelectedEnd\">Entre las propuestas encontrar\u00e9is <strong>mesas informativas, charlas, caminatas solidarias, talleres de estimulaci\u00f3n cognitiva, cinef\u00f3rums, bingos musicales, actividades solidarias y una jornada cient\u00edfica<\/strong>, entre muchas otras actividades.<\/p>\n<p class=\"isSelectedEnd\">Os invitamos a participar y a sumaros a esta conmemoraci\u00f3n para continuar haciendo visible el Alzheimer y dar voz a las personas y familias que conviven con \u00e9l cada d\u00eda.<\/p>\n<p class=\"isSelectedEnd\">A continuaci\u00f3n pod\u00e9is consultar y descargar el <a href=\"https:\/\/afabaix.org\/wp-content\/uploads\/2026\/08\/Triptic.pdf\"><strong>tr\u00edptico con toda la programaci\u00f3n de actividades del D\u00eda Mundial del Alzheimer 2026<\/strong>.<\/a><\/p>\n<p><strong>#EncaraHiSom \u2013 #Todav\u00edaEstamos<\/strong><\/p>\n","protected":false},"excerpt":{"rendered":"<p>Ya estamos a las puertas del 21 de septiembre, D&iacute;a Mundial del Alzheimer, una jornada dedicada a dar visibilidad a la enfermedad, sensibilizar a la sociedad y poner en valor<\/p>\n<div><a href=\"https:\/\/afabaix.org\/es\/acte\/dia-mundial-del-alzheimer-2026-encarahisom-todaviaestamos\/\" class=\"exp-read-more exp-read-more-underlined\">Read More<\/a><\/div>\n","protected":false},"author":9,"featured_media":30148,"template":"","meta":{"_tribe_events_status":"","_tribe_events_status_reason":"","footnotes":""},"tags":[],"tribe_events_cat":[],"class_list":["post-30166","tribe_events","type-tribe_events","status-publish","has-post-thumbnail","hentry"],"_links":{"self":[{"href":"https:\/\/afabaix.org\/es\/wp-json\/wp\/v2\/tribe_events\/30166","targetHints":{"allow":["GET"]}}],"collection":[{"href":"https:\/\/afabaix.org\/es\/wp-json\/wp\/v2\/tribe_events"}],"about":[{"href":"https:\/\/afabaix.org\/es\/wp-json\/wp\/v2\/types\/tribe_events"}],"author":[{"embeddable":true,"href":"https:\/\/afabaix.org\/es\/wp-json\/wp\/v2\/users\/9"}],"version-history":[{"count":1,"href":"https:\/\/afabaix.org\/es\/wp-json\/wp\/v2\/tribe_events\/30166\/revisions"}],"predecessor-version":[{"id":30167,"href":"https:\/\/afabaix.org\/es\/wp-json\/wp\/v2\/tribe_events\/30166\/revisions\/30167"}],"wp:featuredmedia":[{"embeddable":true,"href":"https:\/\/afabaix.org\/es\/wp-json\/wp\/v2\/media\/30148"}],"wp:attachment":[{"href":"https:\/\/afabaix.org\/es\/wp-json\/wp\/v2\/media?parent=30166"}],"wp:term":[{"taxonomy":"post_tag","embeddable":true,"href":"https:\/\/afabaix.org\/es\/wp-json\/wp\/v2\/tags?post=30166"},{"taxonomy":"tribe_events_cat","embeddable":true,"href":"https:\/\/afabaix.org\/es\/wp-json\/wp\/v2\/tribe_events_cat?post=30166"}],"curies":[{"name":"wp","href":"https:\/\/api.w.org\/{rel}","templated":true}]}}

Día Mundial del Alzheimer 2026: #EncaraHiSom – #TodavíaEstamos

<p class="isSelectedEnd">Ya estamos a las puertas del <strong>21 de septiembre, Día Mundial del Alzheimer</strong>, una jornada dedicada a dar visibilidad a la enfermedad, sensibilizar a la sociedad y poner en valor las necesidades de las personas afectadas, sus familias y las personas cuidadoras.</p>
<p class="isSelectedEnd">Este año, desde <strong>AFA Baix Llobregat</strong>, hacemos nuestro el lema <strong>#EncaraHiSom – #TodavíaEstamos</strong>. Porque detrás de un diagnóstico sigue habiendo una persona: una mirada, una emoción, una historia, una manera de ser y de sentir. La enfermedad puede ir cambiando muchas cosas, pero no borra a quien tenemos delante.</p>
<p class="isSelectedEnd">Como cada año, hemos preparado una amplia programación de actividades en distintos municipios del Baix Llobregat para acercar la realidad del Alzheimer a la ciudadanía y generar espacios de información, participación y sensibilización.</p>
<p class="isSelectedEnd">Entre las propuestas encontraréis <strong>mesas informativas, charlas, caminatas solidarias, talleres de estimulación cognitiva, cinefórums, bingos musicales, actividades solidarias y una jornada científica</strong>, entre muchas otras actividades.</p>
<p class="isSelectedEnd">Os invitamos a participar y a sumaros a esta conmemoración para continuar haciendo visible el Alzheimer y dar voz a las personas y familias que conviven con él cada día.</p>
<p class="isSelectedEnd">A continuación podéis consultar y descargar el <a href="https://afabaix.org/wp-content/uploads/2026/08/Triptic.pdf"><strong>tríptico con toda la programación de actividades del Día Mundial del Alzheimer 2026</strong>.</a></p>
<p><strong>#EncaraHiSom – #TodavíaEstamos</strong></p>
